{"id":148,"date":"2018-06-28T17:56:21","date_gmt":"2018-06-28T15:56:21","guid":{"rendered":"https:\/\/gesamtschule-walsum.de\/?page_id=148"},"modified":"2018-11-20T13:36:11","modified_gmt":"2018-11-20T12:36:11","slug":"schulentwicklungsgruppe","status":"publish","type":"page","link":"https:\/\/gesamtschule-walsum.de\/?page_id=148","title":{"rendered":"Steuergruppe"},"content":{"rendered":"<p>In der Steuergruppe arbeiten engagierte Kolleginnen und Kollegen an neuen Projekten f\u00fcr die Gesamtschule Walsum. Die Gruppe arbeitet selbstst\u00e4ndig und steht zwischen dem Kollegium, der Organisation und der Schulleitung. Die Arbeit richtet sich nach den Bed\u00fcrfnissen der Schule, also bekannten Baustellen, aber auch besonders nach den Visionen F\u00dcR die Schule. Die Zukunftsf\u00e4higkeit der Gesamtschule Walsum ist dabei ein zentraler Gedanke der Steuergruppe.<\/p>\n<p>Bisherige Arbeitsschwerpunkte waren und sind:<\/p>\n<ul style=\"list-style-type: disc;\">\n<li>Leitbild der Gesamtschule Walsum<\/li>\n<li>Tutorensystem<\/li>\n<li>Schule ohne Hausaufgaben<\/li>\n<li>Umstellung des Zeittaktmodells<\/li>\n<\/ul>\n","protected":false},"excerpt":{"rendered":"<p>In der Steuergruppe arbeiten engagierte Kolleginnen und Kollegen an neuen Projekten f\u00fcr die Gesamtschule Walsum. Die Gruppe arbeitet selbstst\u00e4ndig und steht zwischen dem Kollegium, der Organisation und der Schulleitung. Die <a class=\"more-link\" href=\"https:\/\/gesamtschule-walsum.de\/?page_id=148\">&#8230; weiterlesen<\/a><\/p>\n","protected":false},"author":1,"featured_media":0,"parent":111,"menu_order":5,"comment_status":"closed","ping_status":"closed","template":"","meta":{"footnotes":""},"class_list":["post-148","page","type-page","status-publish","hentry"],"_links":{"self":[{"href":"https:\/\/gesamtschule-walsum.de\/index.php?rest_route=\/wp\/v2\/pages\/148","targetHints":{"allow":["GET"]}}],"collection":[{"href":"https:\/\/gesamtschule-walsum.de\/index.php?rest_route=\/wp\/v2\/pages"}],"about":[{"href":"https:\/\/gesamtschule-walsum.de\/index.php?rest_route=\/wp\/v2\/types\/page"}],"author":[{"embeddable":true,"href":"https:\/\/gesamtschule-walsum.de\/index.php?rest_route=\/wp\/v2\/users\/1"}],"replies":[{"embeddable":true,"href":"https:\/\/gesamtschule-walsum.de\/index.php?rest_route=%2Fwp%2Fv2%2Fcomments&post=148"}],"version-history":[{"count":2,"href":"https:\/\/gesamtschule-walsum.de\/index.php?rest_route=\/wp\/v2\/pages\/148\/revisions"}],"predecessor-version":[{"id":621,"href":"https:\/\/gesamtschule-walsum.de\/index.php?rest_route=\/wp\/v2\/pages\/148\/revisions\/621"}],"up":[{"embeddable":true,"href":"https:\/\/gesamtschule-walsum.de\/index.php?rest_route=\/wp\/v2\/pages\/111"}],"wp:attachment":[{"href":"https:\/\/gesamtschule-walsum.de\/index.php?rest_route=%2Fwp%2Fv2%2Fmedia&parent=148"}],"curies":[{"name":"wp","href":"https:\/\/api.w.org\/{rel}","templated":true}]}}