{"id":164,"date":"2018-06-28T18:02:28","date_gmt":"2018-06-28T16:02:28","guid":{"rendered":"https:\/\/gesamtschule-walsum.de\/?page_id=164"},"modified":"2019-02-10T14:14:32","modified_gmt":"2019-02-10T13:14:32","slug":"impressum","status":"publish","type":"page","link":"https:\/\/gesamtschule-walsum.de\/?page_id=164","title":{"rendered":"Impressum"},"content":{"rendered":"<p>Gesamtschule Walsum<\/p>\n<p>Schulleiter: LGED Henning Korsten<br \/>\nSchultr\u00e4ger: Stadt Duisburg<br \/>\nSchulaufsicht: Bezirksregierung D\u00fcsseldorf<br \/>\nBetreuung der Homepage: V. Simon, R. Vlasak<\/p>\n<p>Verantwortlich f\u00fcr namentlich gekennzeichnete Beitr\u00e4ge sind die Autoren selbst.<\/p>\n<p>Diese Website enth\u00e4lt Links (Verweise auf externe Seiten). Wenn Sie diese Links anklicken, verlassen sie das Angebot dieser Website. Auf die Gestaltung der Inhalte, die sie dort finden, haben wir keinen Einfluss.<\/p>\n<p>Wir haben die Seiten, auf die wir Links gesetzt haben, zwar sorgf\u00e4ltig auf etwaige rechtswidrige Inhalte durchgesehen, k\u00f6nnen aber weder ausschlie\u00dfen, dass wir dabei etwas \u00fcbersehen haben, noch, dass die Seiten nachtr\u00e4glich ge\u00e4ndert wurden.<\/p>\n<p>Wenn Sie hinter einem unserer Links rechtswidrige Inhalte finden, informieren sie bitte umgehend unseren Webmaster.<\/p>\n","protected":false},"excerpt":{"rendered":"<p>Gesamtschule Walsum Schulleiter: LGED Henning Korsten Schultr\u00e4ger: Stadt Duisburg Schulaufsicht: Bezirksregierung D\u00fcsseldorf Betreuung der Homepage: V. Simon, R. Vlasak Verantwortlich f\u00fcr namentlich gekennzeichnete Beitr\u00e4ge sind die Autoren selbst. Diese Website <a class=\"more-link\" href=\"https:\/\/gesamtschule-walsum.de\/?page_id=164\">&#8230; weiterlesen<\/a><\/p>\n","protected":false},"author":1,"featured_media":0,"parent":151,"menu_order":4,"comment_status":"closed","ping_status":"closed","template":"","meta":{"footnotes":""},"class_list":["post-164","page","type-page","status-publish","hentry"],"_links":{"self":[{"href":"https:\/\/gesamtschule-walsum.de\/index.php?rest_route=\/wp\/v2\/pages\/164","targetHints":{"allow":["GET"]}}],"collection":[{"href":"https:\/\/gesamtschule-walsum.de\/index.php?rest_route=\/wp\/v2\/pages"}],"about":[{"href":"https:\/\/gesamtschule-walsum.de\/index.php?rest_route=\/wp\/v2\/types\/page"}],"author":[{"embeddable":true,"href":"https:\/\/gesamtschule-walsum.de\/index.php?rest_route=\/wp\/v2\/users\/1"}],"replies":[{"embeddable":true,"href":"https:\/\/gesamtschule-walsum.de\/index.php?rest_route=%2Fwp%2Fv2%2Fcomments&post=164"}],"version-history":[{"count":4,"href":"https:\/\/gesamtschule-walsum.de\/index.php?rest_route=\/wp\/v2\/pages\/164\/revisions"}],"predecessor-version":[{"id":797,"href":"https:\/\/gesamtschule-walsum.de\/index.php?rest_route=\/wp\/v2\/pages\/164\/revisions\/797"}],"up":[{"embeddable":true,"href":"https:\/\/gesamtschule-walsum.de\/index.php?rest_route=\/wp\/v2\/pages\/151"}],"wp:attachment":[{"href":"https:\/\/gesamtschule-walsum.de\/index.php?rest_route=%2Fwp%2Fv2%2Fmedia&parent=164"}],"curies":[{"name":"wp","href":"https:\/\/api.w.org\/{rel}","templated":true}]}}