{"id":66,"date":"2018-06-28T11:43:56","date_gmt":"2018-06-28T09:43:56","guid":{"rendered":"https:\/\/gesamtschule-walsum.de\/?page_id=66"},"modified":"2026-05-04T11:43:00","modified_gmt":"2026-05-04T09:43:00","slug":"foerderverein","status":"publish","type":"page","link":"https:\/\/gesamtschule-walsum.de\/?page_id=66","title":{"rendered":"F\u00f6rderverein"},"content":{"rendered":"<p style=\"text-align: center;\"><span style=\"color: #3366ff;\"><strong>F\u00f6rdern<\/strong><\/span><strong>.<\/strong><strong><span style=\"color: #339966;\"> Gestalten<\/span>. <span style=\"color: #ffcc00;\">Begeistern<\/span>.<\/strong><\/p>\n<p style=\"text-align: center;\"><strong>Der F\u00f6rderverein der Gesamtschule Walsum e.V.<\/strong><\/p>\n<p><strong>\u00a0<\/strong><strong>Herzlich willkommen auf unserer Seite!<\/strong><\/p>\n<p>Hinter jeder starken Schule steht eine engagierte Gemeinschaft. Der F\u00f6rderverein der Gesamtschule Walsum ist ein Zusammenschluss aus Eltern, Lehrkr\u00e4ften und Freunden der Schule, die ein gemeinsames Ziel verfolgen: Die Erziehungs- und Bildungsarbeit an unserer Schule ideell und materiell zu unterst\u00fctzen.<\/p>\n<p><strong>Warum ist unsere Arbeit so wichtig?<\/strong><\/p>\n<p>In Zeiten gek\u00fcrzter Schulbudgets st\u00f6\u00dft die staatliche Finanzierung oft an ihre Grenzen. Viele Materialien f\u00fcr den Unterricht, die Arbeitsgemeinschaften oder die Gestaltung des Schulhofs k\u00f6nnen von der Stadt Duisburg nicht \u00fcbernommen werden.<\/p>\n<p>Genau hier springen wir ein \u2013 <strong>schnell, selbstlos und unb\u00fcrokratisch.<\/strong> Wir sorgen daf\u00fcr, dass p\u00e4dagogisch wertvolle Projekte und wichtige Anschaffungen nicht am Geld scheitern, damit alle 1.300 Sch\u00fclerinnen und Sch\u00fcler die gleichen Chancen auf eine moderne Lernumgebung haben.<\/p>\n<p><strong>Was wir gemeinsam erreichen<\/strong><\/p>\n<p>Dank der Beitr\u00e4ge unserer Mitglieder konnten wir in der Vergangenheit bereits Gro\u00dfes bewirken. Ein kleiner Auszug unserer F\u00f6rderungen:<\/p>\n<ul>\n<li><strong>Mobilit\u00e4t &amp; Technik:<\/strong> Motorroller f\u00fcr die Mofa-AG (1.800 \u20ac) sowie Computeranlagen f\u00fcr das Selbstlernzentrum (2.900 \u20ac).<\/li>\n<li><strong>Medien &amp; Kultur:<\/strong> Ein Fl\u00fcgel f\u00fcr den Musikunterricht, Beamer, Fernseher und Spiegel f\u00fcr die Theater- und Tanz-AGs.<\/li>\n<li><strong>Schulhof &amp; Sport:<\/strong> Neue Basketballbretter und Materialien f\u00fcr Sport-Angebote.<\/li>\n<li><strong>Chancengleichheit:<\/strong> Wir unterst\u00fctzen j\u00e4hrlich Wanderfahrten und Projektarbeiten (ca. 1.800 \u20ac), damit kein Kind aus finanziellen Gr\u00fcnden zur\u00fcckbleiben muss.<\/li>\n<\/ul>\n<p><strong>Werden Sie Teil der Gemeinschaft!<\/strong><\/p>\n<p>Aktuell unterst\u00fctzen uns etwa 300 Mitglieder \u2013 bei einer Schulgr\u00f6\u00dfe von 1.300 Kindern ist da noch viel Luft nach oben!<\/p>\n<p>Schon ein kleiner Beitrag von <strong>nur 1 Euro pro Monat (12 \u20ac im Jahr)<\/strong> bewirkt in der Summe Enormes. Mit Ihrer Mitgliedschaft investieren Sie direkt in die Zukunft unserer Kinder und erm\u00f6glichen Projekte, die sonst privat finanziert werden m\u00fcssten.<\/p>\n<p><strong>So k\u00f6nnen Sie helfen:<\/strong><\/p>\n<ol>\n<li><strong>Mitglied werden:<\/strong> Einfach die Beitrittserkl\u00e4rung ausf\u00fcllen und abgeben.<\/li>\n<li><strong>Einmalig spenden:<\/strong> Jede Einzelunterst\u00fctzung hilft uns, neue Projekte zu realisieren.<\/li>\n<\/ol>\n<p><strong>Lassen Sie uns gemeinsam daf\u00fcr sorgen, dass unsere Schule ein Ort bleibt, an dem Lernen Freude macht und Talente gef\u00f6rdert werden.<\/strong><\/p>\n<p>Vielen Dank f\u00fcr Ihr Interesse und Ihre Unterst\u00fctzung!<\/p>\n<p><em>Ihr Vorstand des F\u00f6rdervereins der Gesamtschule Walsum<\/em><\/p>\n<p><strong>Kleine Beitr\u00e4ge, gro\u00dfe Wirkung \u2013 <a href=\"https:\/\/gesamtschule-walsum.de\/?page_id=162\" target=\"_blank\" rel=\"noopener\">[Jetzt Mitglied werden]<\/a><\/strong><\/p>\n<form action=\"https:\/\/www.paypal.com\/donate\" method=\"post\" target=\"_top\"><input name=\"hosted_button_id\" type=\"hidden\" value=\"C947NMUHFP6KC\" \/><\/p>\n<p><input title=\"PayPal - The safer, easier way to pay online!\" alt=\"Spenden mit dem PayPal-Button\" name=\"submit\" src=\"https:\/\/www.paypalobjects.com\/de_DE\/DE\/i\/btn\/btn_donateCC_LG.gif\" type=\"image\" \/><\/p>\n<p><img loading=\"lazy\" decoding=\"async\" src=\"https:\/\/www.paypal.com\/de_DE\/i\/scr\/pixel.gif\" alt=\"\" width=\"1\" height=\"1\" border=\"0\" \/><\/p>\n<\/form>\n","protected":false},"excerpt":{"rendered":"<p>F\u00f6rdern. Gestalten. Begeistern. Der F\u00f6rderverein der Gesamtschule Walsum e.V. \u00a0Herzlich willkommen auf unserer Seite! Hinter jeder starken Schule steht eine engagierte Gemeinschaft. Der F\u00f6rderverein der Gesamtschule Walsum ist ein Zusammenschluss <a class=\"more-link\" href=\"https:\/\/gesamtschule-walsum.de\/?page_id=66\">&#8230; weiterlesen<\/a><\/p>\n","protected":false},"author":1,"featured_media":0,"parent":37,"menu_order":4,"comment_status":"closed","ping_status":"closed","template":"","meta":{"footnotes":""},"class_list":["post-66","page","type-page","status-publish","hentry"],"_links":{"self":[{"href":"https:\/\/gesamtschule-walsum.de\/index.php?rest_route=\/wp\/v2\/pages\/66","targetHints":{"allow":["GET"]}}],"collection":[{"href":"https:\/\/gesamtschule-walsum.de\/index.php?rest_route=\/wp\/v2\/pages"}],"about":[{"href":"https:\/\/gesamtschule-walsum.de\/index.php?rest_route=\/wp\/v2\/types\/page"}],"author":[{"embeddable":true,"href":"https:\/\/gesamtschule-walsum.de\/index.php?rest_route=\/wp\/v2\/users\/1"}],"replies":[{"embeddable":true,"href":"https:\/\/gesamtschule-walsum.de\/index.php?rest_route=%2Fwp%2Fv2%2Fcomments&post=66"}],"version-history":[{"count":10,"href":"https:\/\/gesamtschule-walsum.de\/index.php?rest_route=\/wp\/v2\/pages\/66\/revisions"}],"predecessor-version":[{"id":3601,"href":"https:\/\/gesamtschule-walsum.de\/index.php?rest_route=\/wp\/v2\/pages\/66\/revisions\/3601"}],"up":[{"embeddable":true,"href":"https:\/\/gesamtschule-walsum.de\/index.php?rest_route=\/wp\/v2\/pages\/37"}],"wp:attachment":[{"href":"https:\/\/gesamtschule-walsum.de\/index.php?rest_route=%2Fwp%2Fv2%2Fmedia&parent=66"}],"curies":[{"name":"wp","href":"https:\/\/api.w.org\/{rel}","templated":true}]}}